
Let a(u) = u**2 + 17*u + 5. Let s(v) = v - 1. Let l(y) = a(y) - 3*s(y). What are the prime factors of l(-17)?
59
Let m = 5579 + -2759. What are the prime factors of m?
2, 3, 5, 47
Let s be ((-26)/(-4))/(15/30). Suppose 99 + 7285 = -s*o. List the prime factors of -1 + o/(-26) - (-92)/598.
3, 7
Let z(d) = -10*d - 9*d**2 + 2*d**3 - 19 - 3*d**3 + 8*d. Let u be z(-9). What are the prime factors of 258/((u/3)/((-4)/24))?
3, 43
Let o(h) = 6*h - 30. Let g be o(6). Suppose -904 + 356 = -4*q. Suppose 0 = g*y - 13 - q. What are the prime factors of y?
5
Let m(x) = -12*x + 362. Let v be m(30). Suppose -v*g - 22*g + 18120 = 0. List the prime factors of g.
5, 151
Suppose 0 = -13*n + 4*n - 1593. Let k be n/(-2)*(0 - 4/(-3)). List the prime factors of 4 + -1 + k + 4/(-2).
7, 17
Let a(v) = -2 - 1 - 11*v + 6 + 10*v. Let u be a(10). What are the prime factors of (-794)/u + (-3)/7?
113
Let t(b) = -61*b**3 + b + 2. Let p(w) = -2*w + 3. Let n = 20 + -18. Let a be p(n). What are the prime factors of t(a)?
2, 31
Let o = -2193 - -3891. Suppose 2*s + 3376 = 4*j, 2*s - o = -2*j - 2*s. List the prime factors of j.
5, 13
Suppose -5*q - 4*a = -3020, 2702 = 3*q + 5*a + 877. What are the prime factors of q?
2, 3, 5
List the prime factors of -47 - -16655 - 1*(-10)/2.
37, 449
Let c be (576/(-4))/4*(-138)/9. Suppose 5*d + 5*i = 665, -d = 3*d - i - c. List the prime factors of d.
137
Suppose 68084 = 12*g + 5712 - 56140. What are the prime factors of g?
2, 3, 823
Let j(z) = 96*z + 2443. List the prime factors of j(31).
5419
Let p(l) = -4278*l**3 - 2*l**2 - 17*l - 14. List the prime factors of p(-1).
11, 389
Let s(c) = 27*c**2 + 3*c + 2. Let d be s(-2). Suppose -339*v + 561 = -336*v. Let u = v - d. List the prime factors of u.
83
What are the prime factors of 5*(19/190)/((-3)/(-41898))?
6983
Suppose 14*j - 4471 - 1703 = 0. List the prime factors of j.
3, 7
Let t(v) = 2*v**2 + 17*v - 7. Let m be t(-5). Let l be (-2)/33*-3 - m/11. Suppose -2*z - 5*i = -236, -l*i - 118 = -z + 13. List the prime factors of z.
3, 41
What are the prime factors of (-178245)/(-315) + 1/7?
2, 283
Suppose 2*n + 20*b - 937 = 21*b, 4*n = -2*b + 1886. What are the prime factors of n?
2, 5, 47
Let l = 46069 + -20094. What are the prime factors of l?
5, 1039
Let j(v) = -2*v**3 - 25*v**2 + 16*v + 43. Let d be j(-13). Suppose -d*w = -5*w + 426. What are the prime factors of w?
2, 3, 71
Let v = -96 + 159. Let r = v - 50. Suppose -3*n + r = 3*w - w, 4*w - 50 = 2*n. What are the prime factors of w?
11
Let f = 10 - 12. Let s be (1 + f)/(1/(-2)). Suppose 0 = -l + s*c + 115, -591 = 3*l - 8*l + 2*c. List the prime factors of l.
7, 17
List the prime factors of (((-47096)/(-24))/7 - 7)*72/15.
2, 41
Let b = 67519 - 47089. List the prime factors of b.
2, 3, 5, 227
Let r(x) = -298*x - 1. Let m be r(-2). Let i be m/9 + (-1)/9. Suppose w = -20 + i. List the prime factors of w.
2, 23
Let f(t) = -3*t**2 - 13*t + 10. Let l be f(-5). Suppose l = 4*q - 5*v - 2601, 2*q - 4*v = -2*v + 1300. List the prime factors of q.
11, 59
What are the prime factors of ((-2408)/(-24) - -5)*9?
2, 3, 79
Let i(u) = 29*u - 94. Let a(z) = 56*z - 189. Let p(m) = 4*a(m) - 7*i(m). List the prime factors of p(23).
5, 7, 11
List the prime factors of 17742*(27/(-45))/(27/(-30)).
2, 2957
Suppose -3*c + 25314 = 5*i, 0 = 4*i - 22 - 2. List the prime factors of c.
2, 7, 43
Suppose -v = 3*b - 3360 - 3905, 4*b = 3*v - 21860. List the prime factors of v.
2, 5, 7, 13
Let u(b) = 63*b - 71*b + 3*b**2 - 4*b**2 + 38*b - 20. List the prime factors of u(12).
2, 7
Let i be (-12)/(-36) + 2 + (-5255)/(-3). Suppose 3*k - 3*n - 1344 = 0, -2*n + 56 + i = 4*k. What are the prime factors of k?
11, 41
Let o(r) = 83*r**2 - 5*r + 8. Let c be o(8). List the prime factors of ((-52)/(-5))/(64/c).
2, 3, 11, 13
Suppose 0 = -2*x + 41 + 55. List the prime factors of 450 + -6*(-56)/x.
457
Let b = -120686 + 204396. What are the prime factors of b?
2, 5, 11, 761
Let l = 1502 - -5365. Suppose 13*r - 34*r + l = 0. What are the prime factors of r?
3, 109
Let q(i) be the third derivative of 0 - 1/24*i**4 + 0*i - 1/6*i**3 + 10*i**2. List the prime factors of q(-15).
2, 7
Suppose 2*l = -q + 13 + 12, 4*l = -q + 53. Suppose 0 = -8*r + 15*r - l. Suppose 2*f + p - 254 = 0, 254 = -0*f + 2*f - r*p. What are the prime factors of f?
127
Suppose -2*h = -8*c - 72357 - 4561, 4*h - 3*c = 153784. What are the prime factors of h?
37, 1039
Let b = 32 - -27. Let s(c) = 4*c - 6. Let k be s(-8). Let j = b + k. List the prime factors of j.
3, 7
Suppose w = -4*w - 20. Let k be 133/28 - w/(32/(-6)). Suppose -4*m + 3*t - 254 = -9*m, -199 = -k*m - t. What are the prime factors of m?
7
Let p(j) = 209*j**2 + 182*j - 901. What are the prime factors of p(5)?
2, 2617
Suppose 4039090 = 1901*i - 1791*i. What are the prime factors of i?
73, 503
Let j = -64 - -2246. List the prime factors of j.
2, 1091
Suppose 190 - 786 = 2*n. List the prime factors of (-8)/(-28) - 18/42*n.
2
Suppose 865 = 5*z + 5*s, -3*s = -5*z - 3617 + 4498. What are the prime factors of z?
5, 7
Suppose 0 = -3*c + 2*f + 8, 14*c + 3*f - 33 = 11*c. Suppose c*r + 0*r - 2814 = 0. List the prime factors of r.
7, 67
Let y(b) = 48*b - 19*b**3 - 2 - 19*b**3 - 4*b**2 + 3 + 37*b**3. List the prime factors of y(-11).
2, 5
Suppose -1302 = -10*j - 332. Let q = j - 92. List the prime factors of (-3)/((30/(-248))/q).
2, 31
Let j(i) = 2*i + 47. Let f be j(-45). Let o = 415 + f. What are the prime factors of o?
2, 3, 31
Let h(n) = n**3 + 43*n**2 - 4*n + 254. List the prime factors of h(-11).
2, 3, 5, 139
Let q(p) = 39*p - 5*p - 31 - 6*p**2 - 10*p + 5*p**2 - 23. Let k = -29 + 43. List the prime factors of q(k).
2, 43
Suppose q + 1974 = -5*q. Let u = 556 + q. What are the prime factors of u?
227
What are the prime factors of ((-132680)/6)/((-292)/438)?
2, 5, 31, 107
Let z be 13 - (-6 + (10 - -2)). Let a(v) = -v**3 + 12*v**2 + 13*v - 1. List the prime factors of a(z).
5, 67
Let v = -387 + 390. What are the prime factors of (-19*63/(-28))/(v/64)?
2, 3, 19
Let m(g) = 80*g + 27. Let n be m(-15). Let u = -826 - n. List the prime factors of u.
347
Let o(x) = -107*x + 14. Let v be o(-13). Suppose 5*l + z - v = 1173, 4*z = -4*l + 2056. Suppose 5*u + l = 11*u. List the prime factors of u.
2, 43
Let p(q) = -2*q**3 - 5*q**2 - 4*q. Let z be -269 + (-1)/2*2. Let v be z/81 + (-2)/(-6). What are the prime factors of p(v)?
3, 7
Let v(u) = -u**2 + 44*u - 150. Suppose 3*t = 4*f + 96, 0*f + 9 = 3*f. List the prime factors of v(t).
2, 3, 23
List the prime factors of (-5 - 0) + -18*11724/(-24)*1.
2, 13
Let t(v) = -990*v - 288. Let c(u) = 62*u + 18. Let s(z) = -33*c(z) - 2*t(z). What are the prime factors of s(-5)?
2, 3, 13
Suppose -10 + 28 = -2*f. Let z be (f - -8) + 365 + 2/(-1). Suppose z = 4*d - 62. List the prime factors of d.
2, 53
Suppose -4*c + u + 40570 = -24468, -5*u - 32546 = -2*c. List the prime factors of c.
2, 11, 739
Suppose 4*f - 5662 - 2336 = -2*l, -2001 = -f - l. List the prime factors of f.
2, 3, 37
Suppose -6496992 = 7167*f - 7269*f. What are the prime factors of f?
2, 3, 1327
Let p be -2*194*(-39)/(-26). What are the prime factors of (6 + -1)*1/(-5) - p?
7, 83
Suppose 3*g - 4093 - 3938 = 5*m, -m - 3*g = 1617. Let d = -381 - m. List the prime factors of d.
3, 409
Suppose 52*s - 272333 = 292335. List the prime factors of s.
10859
Suppose -1605 = -5*u - n + 6*n, 3*n = 4*u - 1285. Let h = u + -193. What are the prime factors of h?
3, 43
Suppose 0 = -k - 5*f + 21, 8 - 28 = -5*f. What are the prime factors of ((-8)/(-10))/(1/(k - -69))?
2, 7
Suppose 44224 = -12*j + 84616. What are the prime factors of j?
2, 3, 11, 17
Let a = -1 - 1. Let u(x) = -11 - 15 - 19*x + 5*x + 31 - 21*x. What are the prime factors of u(a)?
3, 5
Let c = -206 - -209. Suppose 3*z - 777 = 3*j, -3*z + c*j - 7*j = -791. List the prime factors of z.
3, 29
Let j(i) = 2*i**3 - 4*i**2 + 8*i - 7. Let l be j(3). Suppose -l*q = -33*q - 402. List the prime factors of q.
3, 67
Let j = -378 - -408. Suppose v + 8265 = j*v. List the prime factors of v.
3, 5, 19
Suppose 0 = v - 5*p - 14 - 1, -4*v = -p - 60. Let w(b) = 33*b - 101. List the prime factors of w(v).
2, 197
What are the prime factors of (-2 - 8) + 6/3 - -18456?
2, 1153
Let d(t) = 4*t**2 - 10*t + 119. Let p(r) = -r**3 + 4*r**2 + 5*r - 3. Let x be p(-2). List the prim